ghest common divisor of 231 and 51579.
33
Calculate the highest common factor of 21343 and 4.
1
What is the greatest common divisor of 166976 and 448?
64
Calculate the highest common divisor of 46443 and 2373.
339
Calculate the highest common divisor of 1073 and 740.
37
What is the greatest common factor of 42 and 72072?
42
What is the greatest common divisor of 732 and 179828?
244
What is the greatest common divisor of 72 and 130716?
36
Calculate the highest common factor of 10920 and 9590.
70
What is the greatest common divisor of 52016 and 272?
16
Calculate the highest common factor of 1438328 and 276.
92
Calculate the highest common divisor of 1560 and 230.
10
Calculate the greatest common divisor of 15141448 and 254.
254
What is the greatest common factor of 9557 and 2831?
19
What is the greatest common factor of 11191 and 133?
19
What is the highest common factor of 1428 and 8262?
102
What is the greatest common divisor of 54 and 5714766?
54
Calculate the highest common divisor of 3617 and 67.
1
Calculate the greatest common divisor of 28 and 48335.
7
Calculate the highest common factor of 46244 and 88.
44
What is the highest common factor of 407 and 129167?
37
Calculate the greatest common divisor of 47127 and 92.
23
Calculate the greatest common factor of 284196 and 228.
12
What is the greatest common divisor of 26 and 170222?
26
Calculate the highest common factor of 90075 and 165.
15
What is the highest common divisor of 138 and 24330?
6
Calculate the highest common factor of 3841 and 8183.
167
What is the highest common factor of 79674 and 33663?
147
Calculate the greatest common factor of 27024 and 48.
48
What is the highest common factor of 55747 and 1563?
521
What is the highest common factor of 8952 and 24?
24
Calculate the highest common factor of 1547 and 13.
13
What is the highest common divisor of 243900 and 500?
100
Calculate the highest common factor of 14544 and 30.
6
What is the highest common factor of 5264655 and 165?
165
Calculate the greatest common factor of 909 and 12120.
303
What is the greatest common divisor of 1696 and 5296?
16
Calculate the greatest common divisor of 57532 and 6308.
76
Calculate the greatest common factor of 24 and 119032.
8
Calculate the greatest common divisor of 154 and 229229.
77
Calculate the highest common divisor of 966 and 50508.
138
Calculate the highest common divisor of 2024292 and 12.
12
Calculate the greatest common factor of 187085 and 71.
71
Calculate the highest common factor of 775 and 252309.
31
What is the highest common factor of 12311061 and 42?
21
What is the greatest common divisor of 192 and 139056?
48
What is the greatest common divisor of 1808 and 64?
16
What is the greatest common factor of 52061 and 158?
79
Calculate the greatest common divisor of 21 and 643167.
21
Calculate the greatest common factor of 2472 and 5192436.
1236
Calculate the greatest common divisor of 138 and 93909.
69
Calculate the greatest common factor of 4370 and 9310.
190
What is the greatest common divisor of 10860 and 7785?
15
What is the greatest common factor of 3452 and 7?
1
What is the greatest common factor of 19240 and 5957?
37
What is the highest common divisor of 1525 and 10?
5
Calculate the highest common divisor of 30 and 103965.
15
What is the highest common divisor of 133 and 419558?
19
Calculate the greatest common factor of 4 and 100810.
2
Calculate the highest common factor of 1180 and 364.
4
Calculate the highest common divisor of 401015 and 1251.
139
What is the greatest common divisor of 266840 and 154?
14
What is the highest common divisor of 1480 and 2968880?
1480
What is the highest common factor of 607430 and 1710?
190
Calculate the greatest common factor of 119 and 132362.
17
What is the highest common divisor of 19215 and 135?
45
Calculate the highest common factor of 6364 and 10019.
43
What is the greatest common factor of 73035 and 2565?
135
Calculate the highest common divisor of 5829 and 8978.
67
Calculate the highest common factor of 420 and 128296.
28
Calculate the greatest common factor of 5882 and 170.
34
Calculate the highest common factor of 109256 and 16.
8
What is the greatest common factor of 193257 and 394?
197
Calculate the highest common divisor of 163280 and 676.
52
Calculate the highest common divisor of 242000 and 1480.
40
Calculate the greatest common divisor of 1148 and 10988.
164
What is the highest common divisor of 47577 and 39?
3
Calculate the highest common factor of 17980 and 60.
20
Calculate the greatest common divisor of 1615 and 136.
17
What is the greatest common factor of 194249 and 11?
11
What is the greatest common divisor of 281 and 861546?
281
What is the highest common divisor of 5510 and 37265?
145
What is the greatest common factor of 6996 and 18612?
132
Calculate the highest common factor of 1519 and 14167.
31
Calculate the greatest common factor of 16119 and 171.
9
Calculate the highest common divisor of 1510 and 1310.
10
What is the highest common divisor of 13337 and 2?
1
Calculate the highest common divisor of 624 and 156832.
208
What is the greatest common divisor of 291270 and 2835?
105
What is the highest common factor of 4701522 and 42?
42
Calculate the highest common divisor of 1417 and 299.
13
What is the highest common factor of 3287 and 232339?
173
Calculate the greatest common factor of 30 and 607210.
10
What is the highest common divisor of 652 and 88183?
163
What is the highest common factor of 16606 and 92?
46
What is the highest common divisor of 1122 and 7191?
51
What is the highest common factor of 828288 and 2592?
288
What is the highest common divisor of 26599 and 201?
67
What is the highest common divisor of 273671 and 1545?
103
Calculate the greatest common divisor of 40 and 63160.
40
What is the greatest common divisor of 27 and 724662?
9
What is the highest common factor of 149478 and 336?
42
What is the highest common factor of 80 and 252440?
40
Calculate the greatest common factor of 146318 and 447.
149
What is the greatest common factor of 20140 and 7600?
380
What is the highest common factor of 92948 and 1349?
19
Calculate the highest common divisor of 214968 and 3021.
159
Calculate the highest common divisor of 9105 and 90.
15
Calculate the highest common divisor of 854 and 12253619.
427
Calculate the highest common divisor of 221850 and 3944.
986
Calculate the greatest common divisor of 63410 and 2890.
170
What is the highest common factor of 77 and 6633?
11
What is the highest common factor of 9205386 and 19?
19
Calculate the greatest common factor of 2 and 77094.
2
Calculate the greatest common divisor of 35701 and 247.
19
What is the greatest common divisor of 3060 and 504?
36
What is the greatest common factor of 7811 and 9523?
107
Calculate the highest common divisor of 5412 and 19926.
246
What is the greatest common factor of 216 and 231633?
27
What is the highest common factor of 23095 and 2480?
155
What is the greatest common factor of 90 and 31590?
90
Calculate the highest common factor of 1065 and 211296.
213
What is the highest common factor of 68 and 49606?
34
Calculate the highest common factor of 10638 and 5346.
54
What is the highest common factor of 10168 and 1736?
248
Calculate the greatest common divisor of 312 and 897.
39
Calculate the greatest common divisor of 2711090 and 40.
10
What is the greatest common divisor of 62889 and 3?
3
What is the highest common divisor of 880 and 15216080?
880
Calculate the greatest common divisor of 2560 and 109840.
80
Calculate the greatest common factor of 1007247 and 9051.
1293
Calculate the greatest common divisor of 3150 and 279.
9
What is the highest common divisor of 181 and 23168?
181
Calculate the highest common factor of 88 and 131362.
22
What is the greatest common divisor of 456713 and 785?
157
Calculate the greatest common factor of 1349 and 16150.
19
Calculate the highest common factor of 8816 and 2470.
38
Calculate the highest common divisor of 4524 and 1392.
348
Calculate the greatest common divisor of 109032 and 12.
12
Calculate the greatest common factor of 318538 and 22.
22
Calculate the greatest common divisor of 352 and 189152.
32
What is the highest common divisor of 520058 and 614?
614
What is the highest common divisor 